(-3)/(-14)). What is the tens digit of m(l)?
3
Let w = 4 - 2. Suppose 2*i + 10 = -0*l + w*l, 2*l = -3*i + 25. Suppose a - l = -a. What is the units digit of a?
4
Suppose 5*a - 13 = -3. Let z be ((-1)/a + 3)*2. Suppose 0 = -z*m + 3*h - 5, -h = 3*m - 4*h + 9. What is the units digit of m?
2
Suppose q + 9 = -d, 2*q + d + 30 = -4*d. Let c = q - -10. Suppose -3*p + 10 = 2*s, -c*s - p + 47 = p. What is the tens digit of s?
1
Suppose -6 = 3*g, -3*g = -r - 2*g + 6. Let p = 0 + 0. Let n = r - p. What is the units digit of n?
4
Let y be (-2)/(-9) - (-8)/(-36). Suppose y = -m + 4*m + 6. Let w(b) = -10*b - 2. What is the tens digit of w(m)?
1
Suppose 7*o + 5 = 180. What is the tens digit of o?
2
Let m = 458 + -323. What is the hundreds digit of m?
1
Let g(x) = 2*x - 3. Let o be g(3). Suppose -4*w + 27 = 3*y, -o*y + 3*w + 27 = 8*w. What is the units digit of y?
9
Suppose -4*l = 3*v + v + 32, -3*v - 4 = -l. Let x(r) = -49*r + 2 + 52*r + r**2 - 1. What is the units digit of x(v)?
1
Suppose -3*n - 2*n + 5*x = 30, 4*n + 6 = -2*x. Let q(c) = -3*c - c**3 - 1 - 2*c**2 + c + 4*c. What is the units digit of q(n)?
2
Let s(h) be the second derivative of h**4/4 - h**3/3 - h**2/2 - 4*h. What is the tens digit of s(-2)?
1
Let s be -2*(1 - -2 - 0). What is the units digit of 153/21 - s/(-21)?
7
Let r(z) = z**2 + 32. Let l be r(0). Suppose -l = -3*i - 8. What is the units digit of i?
8
Let z(n) = -n**3 + 11*n**2 - 6*n - 12. What is the tens digit of z(10)?
2
Suppose o - 4*q = 18, 7*o + 3*q + 25 = 2*o. What is the tens digit of 3 - 5 - o - -18?
1
Suppose -13*j + 17*j = 104. What is the tens digit of j?
2
Suppose 2*y = 108 - 38. Let p = y + -18. What is the units digit of p?
7
Let j be (-246)/15 + 4/10. Let y = 23 + j. What is the units digit of y?
7
Suppose 11 = 4*y - 1. Let s be -11*(3 - 1 - y). Let j = -5 + s. What is the units digit of j?
6
Suppose c - 60 = -3*c. Let k = 11 - c. What is the units digit of 6/(0 + (-6)/k)?
4
Let p(y) = y - 3. Let r be p(5). Let t(c) = -2*c**r - 11 + 3*c**2 - 4*c - 2*c. What is the units digit of t(8)?
5
Let d(f) = 6*f**3 + 2*f - 2. Let s(c) = 7*c**3 + 2*c - 3. Let u(g) = 4*d(g) - 3*s(g). Let w be u(-1). What is the units digit of (-37)/w + (-2)/8?
9
Let s = 430 + -222. What is the units digit of s?
8
Suppose 0 = -2*j + t + 11 + 7, 0 = -j - 5*t + 9. Let q = j + -7. Suppose 0*u + 10 = q*u. What is the units digit of u?
5
Let z(w) = w - 2. Let c be z(5). Let k be -6 + -3*c/(-3). What is the tens digit of 15 - (2 - (-2 - k))?
1
Let y(h) = h**2 - h + 10. Let w be y(0). Let t = 3 + w. What is the units digit of t?
3
Suppose -5*j + 43 = -4*o, 0*j + 4*j = 12. Let a = 11 + o. Suppose -a*t = -t - 3. What is the units digit of t?
1
Suppose -3 = -3*o + 30. What is the tens digit of o?
1
Suppose 3 = 3*h - 3. Suppose -3*r - 2 = g, h*g - 3*r + 2*r = 31. Suppose x = g - 2. What is the units digit of x?
1
Let a(b) = 2*b**2 + 6*b + 5. Let i be a(-4). Let w = 23 - i. What is the units digit of w?
0
Let s be 0/1 + 1 + -25. Let x be (-3)/(-2)*s/9. What is the tens digit of (-78)/x*2/3?
1
What is the units digit of 0 - 3 - (-73 + 23)?
7
Let d(t) = -3*t - 6. Let f(u) = 2*u + 4. Let n(a) = 5*d(a) + 7*f(a). Let c be n(-2). Suppose -2*i + c = -8. What is the units digit of i?
4
Let s = -66 + 93. Let a = -16 + s. What is the tens digit of a?
1
Let p be 6/(-8) - 14/(-8). Let t = 2 + p. What is the units digit of t?
3
Let u = -29 + 18. Let p = u + 10. What is the tens digit of p/((-1)/8) - -3?
1
Let y = 9 + -5. Suppose y*x = -2 + 42. What is the units digit of x?
0
Let v(o) = o + 10. Let s(q) = -1. Let c(n) = 5*s(n) + v(n). Let f be c(-5). What is the units digit of (2/2)/(1 + f)?
1
Suppose 112 = 2*t - 2*n - 0, -3*n = 0. What is the units digit of t?
6
Let s(p) = -p - 6. Let a be s(-10). Suppose -3*z - 10 = -a*z. What is the tens digit of z?
1
Let g = -68 + 113. What is the tens digit of g?
4
What is the units digit of (56*6)/4 - (-1 + 3)?
2
Suppose u = -0*u + 13. What is the tens digit of u?
1
What is the tens digit of (0 + 8)/(4/6)?
1
What is the units digit of (-60)/(-9)*(-24)/(-20)?
8
Let v be 4/5*(-45)/(-6). Let p(u) = -v + 3 - 2*u - 2. What is the units digit of p(-4)?
3
Let t(j) = -j**3 + 9*j**2 - 9*j + 6. Let u be t(8). What is the units digit of 2 + (-1)/(u/16)?
0
Let z(w) be the second derivative of 7*w**4/12 + w**3/3 + w**2 + 9*w. What is the units digit of z(-2)?
6
Let y = 4 - -1. Suppose 2*w + w - 45 = 3*j, 2*w - y*j - 39 = 0. What is the tens digit of w?
1
Let n = -380 + 716. What is the units digit of n?
6
Let i = -147 + 319. What is the units digit of i?
2
Let r be (-1)/6 + (-1)/(-6). Suppose r = -3*y + 4*k - k + 57, 59 = 3*y - 4*k. What is the units digit of y?
7
Let k(s) = -s**3 - 10*s**2 - 9*s + 9. What is the units digit of k(-9)?
9
Let f(b) = -b**3 - 10*b**2 - 10*b - 7. What is the tens digit of f(-10)?
9
Let h = 33 - -53. What is the tens digit of h?
8
Suppose 80 = u + 14. Suppose 6 = y - 2*b, 5*y + 4*b = 26 - u. Let d = y - -9. What is the units digit of d?
5
Suppose -126 = 9*b - 11*b. What is the units digit of b?
3
Let o = 113 - 8. What is the units digit of o?
5
Let b be 40/3 + (-1)/3. Let d(q) = -q**2 - 9*q - 16. Let k(t) = t**2 - t - 1. Let h(v) = d(v) + 2*k(v). What is the units digit of h(b)?
8
Let o be 4 + 1 - (-1 + 2). Suppose 3 + 3 = -2*j. Let z = j + o. What is the units digit of z?
1
Let r be (-5 - -2) + -1*5. Let c = r - -13. What is the units digit of c?
5
Let b(q) be the third derivative of -q**4/8 + q**3/2 + q**2. Let r be b(-5). Let v = r - 11. What is the units digit of v?
7
Let b = -5 + 11. Suppose -b*s = -8*s + 16. What is the units digit of s?
8
Suppose 0 = 3*d - 2*v - 14, 4*d = 4*v + 4 + 8. Let h(s) = -s**3 + 8*s**2 + 3. What is the units digit of h(d)?
3
Suppose -4*q + 25 = 5*r - 0, 7 = -3*r + 2*q. Let f = r + 1. Suppose 0 = -g - 0*g + f. What is the units digit of g?
2
Let k be 12/1 - (-1 + 3). Suppose -b = 2 + k. Let o = 24 + b. What is the tens digit of o?
1
Suppose 3*w = w. Suppose -8 = -m + 3*k + 2, 2*k = w. What is the units digit of (12/m)/((-9)/(-30))?
4
What is the tens digit of 1*-11*52/(-13)?
4
Suppose -5*v = -4*q - 43, v = -q + 4 + 1. What is the units digit of v?
7
Suppose -4*b - 218 - 6 = 0. What is the units digit of b/(2*(-1)/2)?
6
Let g(l) = l. Let q(v) = 5*v - 1. Let f(s) = -4*g(s) + 2*q(s). What is the tens digit of f(2)?
1
Let b be (1 - 10/4)*-2. Let i(d) = 2*d**2 - d - 4. What is the units digit of i(b)?
1
Suppose 5*b - 110 = -5. Let p = 34 - b. What is the units digit of p?
3
Let r = -56 + 83. What is the units digit of r?
7
Let j be 18/4 + 1/2. Suppose 0 = 2*a + 1 - j. Suppose -f = 5*c - 35, 3*c + 5 = -0*f + a*f. What is the tens digit of f?
1
Let q = 95 - 62. What is the tens digit of q?
3
Let u be (-8)/(-2)*12/8. What is the units digit of 16/u - (-6)/18?
3
Suppose 3*y = -4*m + 106, -y + 4*m + 7 = -23. What is the units digit of y?
4
Suppose -c + 20 = -0*c. What is the units digit of (3 - -1)*85/c?
7
Suppose 30 = m + 2*w - 46, 0 = -2*m + 5*w + 143. What is the tens digit of m?
7
Let o(s) = s - 1. Let q(g) = 2*g - 8. Let b(y) = 4*o(y) - q(y). What is the units digit of b(8)?
0
Suppose h + 23 = 2*h. Suppose 2*r = 5*r - q - h, 13 = -2*r - 5*q. What is the units digit of r?
6
Let s be -2 + 1/(-1) + 5. Let o be 1/(s - 3) - 5. What is the units digit of o/21 - 44/(-7)?
6
Let q(l) = l**3 - 10*l**2 + 11*l + 11. Let u be q(10). Let j = u - 86. What is the units digit of j?
5
Let d(h) = -h + 15. Let u be d(12). Suppose -136 = -u*s - s. What is the units digit of s?
4
Let d(q) = 3*q. Let t(p) = -5*p + 3. Let v(n) = 15*n - 10. Let w(j) = 7*t(j) + 2*v(j). Let l(u) = -7*d(u) - 4*w(u). What is the units digit of l(-9)?
5
Suppose 4*c + 14 + 48 = v, v = -2*c + 44. What is the tens digit of v?
5
Let t = -35 - -51. Let v(o) = o**2 + o + 6. Let j be v(0). Let q = t - j. What is the tens digit of q?
1
Suppose 68 = 2*k - p - 3*p, -2*p = -5*k + 154. Let h be (-10 - -5)/(1*-1). Suppose k = m + m - h*a, -20 = -m + 5*a. What is the tens digit of m?
1
Let h(l) = l**2 - 5*l - 4 + 1 + 3*l. What is the units digit of h(6)?
1
Let v(m) = -m**3 - 11*m**2 - 10*m + 6. Let h be v(-10). Let k = 11 - h. Suppose -3*w + 6*w = k*n + 19, n + 5 = w. What is the units digit of w?
3
Suppose -5*t = -2 - 13. Let u(h) = 2*h**2 - 2 - h + 4*